et z = -99125 + 99797. Suppose 2*b - 14 = b. What is the greatest common divisor of z and b?
14
Let x be 0 + 0*2/14. Suppose -126 = -2*l - 4*j, -l + 4*j - j + 78 = x. What is the highest common factor of l and 6?
3
Let c(s) = -61*s**2 - 1064*s - 23. Let r be c(-17). Calculate the greatest common factor of r and 8066.
218
Let l(h) = 2*h**2 - 3*h - 3. Let g be l(-13). Suppose 1537 = -4*t + 1673. Calculate the highest common divisor of g and t.
34
Let m = -398 + 348. Let c = 1 + -2. Let j be c/(55/m - -1). What is the greatest common divisor of 2 and j?
2
Let q(t) = -287*t**3 - 8*t**2 + 40*t + 125. Let b be q(-3). Calculate the greatest common factor of 92 and b.
46
Let j(h) = h - 7 - 6*h - 6*h. Let o(d) = -12*d - 8. Let s(v) = 5*j(v) - 4*o(v). Let q be s(-3). Calculate the greatest common divisor of 63 and q.
9
Let y = 1331 - 1326. Let v be 3 + (y - 0)/(-5) + 1. Let g = 26 + -14. What is the highest common divisor of g and v?
3
Suppose 1564 = 29*a - 1684. What is the greatest common factor of a and 5656?
56
Suppose -5*m + 2*v = 2671, 3*m = 7*m + 4*v + 2148. Let p = -530 - m. Suppose -2*u = -5*l + 40, 3*u = 5*u - 10. What is the greatest common factor of p and l?
5
Let g(t) = 11*t**2 + 29*t - 49. Let x be g(-15). Let l = -1061 + x. What is the highest common divisor of l and 30?
30
Let h be 3 - 1/((-7)/1813). Let l = h - 230. What is the highest common factor of 160 and l?
32
Let q = 754 - 435. Suppose -11*l + q = -308. What is the greatest common factor of l and 38?
19
Suppose -203 = -2*f + 129. Let a = f + -165. What is the highest common divisor of a and 1?
1
Let g = 434 - 430. Let t(a) = -a**2 - 9*a + 10. Let y be t(-10). Suppose y*i - 2*i = -64. Calculate the greatest common factor of i and g.
4
Suppose 297 + 611 = -4*n. Let j = n - -239. What is the greatest common divisor of 48 and j?
12
Let x(w) = -11*w + 14 + 17 + 0 + 18. Let o be x(-37). What is the greatest common divisor of o and 72?
24
Let v be (-4599)/168 - -27 - 81187/(-8). What is the greatest common factor of 4 and v?
4
Let r(i) = 3*i**2 - 35*i + 187. Let s be r(6). What is the greatest common divisor of s and 51?
17
Suppose 21 = -0*v + 7*v. Suppose 2*d = -v*d + 665. Calculate the greatest common factor of d and 38.
19
Let p be 4*58*(4 + -3). Suppose -6*w - 47 = 4*m - 767, 5*w + 502 = 3*m. Calculate the highest common divisor of p and m.
58
Suppose -871*l - 98 = -885*l. Suppose 3*v - 613 + 235 = -4*z, 3*v - 474 = -5*z. Suppose 5*t - 219 = z. Calculate the greatest common divisor of l and t.
7
Let b be ((-4)/(16/(-6)))/(622/7464). Calculate the highest common factor of 26334 and b.
18
Let i(s) = 19*s**2 - 5*s - 234. Let g(p) = -54*p**2 + 15*p + 702. Let m(o) = 6*g(o) + 17*i(o). Let y be m(0). Calculate the greatest common factor of 52 and y.
26
Suppose 5*m - 2007 = 2*f, -1215 = -3*m - 18*f + 21*f. Calculate the greatest common factor of m and 114.
57
Let w(q) = -q**2 + 15*q + 58. Suppose -31*j = -43*j - 36. Let c be w(j). Let d = 24 - -20. Calculate the greatest common factor of c and d.
4
Suppose 2*a - 10 = -2*n, -4*n + 7 = -a + 12. Let i be ((a - 6) + -29)*-1. Calculate the greatest common divisor of i and 20.
10
Suppose 0 = -g - 2*i + 22, i + 44 = 2*g + 10. Let z be (-80)/64*(-10 + 0 + 2). What is the greatest common divisor of g and z?
2
Let j be 6/(9/387*1) - -2. Calculate the greatest common factor of 140 and j.
20
Let s(w) = 243*w + 4414. Let a be s(-18). Let l(v) be the first derivative of -v**3/3 + 8*v + 2. Let j be l(0). What is the greatest common divisor of j and a?
8
Let v = 46 - 37. Let i be (24/v - 3)/((-2)/36). Suppose i*s + 205 = 11*s. What is the greatest common divisor of s and 287?
41
Let r be ((-522)/5)/(12/(-40)). Let o = -335 + r. Calculate the greatest common factor of 13 and o.
13
Let b = 33 - 33. Suppose b = 9*u + 6*u - 255. Let k be 714/28*32/6. What is the greatest common divisor of u and k?
17
Let j(g) = -2*g - 11. Let h be j(-5). Let i be (5 + (1 - 1))*h. Let q be 82 + i/(20/(-8)). Calculate the highest common divisor of 12 and q.
12
Suppose -53*z + 173*z = 7200. Calculate the highest common factor of 4632 and z.
12
Suppose 50*a - 63*a - 1053 = 0. Let m = a + 387. What is the greatest common factor of 34 and m?
34
Let g(f) = 3*f**2 + 165*f + 72. Let j be g(-55). Suppose 0 = p - 0*p - 40. Calculate the highest common divisor of j and p.
8
Suppose 24*n - 2181 - 1851 = 0. What is the greatest common factor of 308 and n?
28
Let t(y) = -y - 1. Let u be t(3). Let g be (1 + -5)*2/u. Let f be (-5)/(-10) + 35/g. Calculate the greatest common factor of 27 and f.
9
Suppose 3*v = -2*r - 3121, 0 = 2*v + v - 3. Let j be (-2)/(-6) + r/33. Let c = j - -59. Calculate the greatest common factor of c and 36.
12
Let v = 7709 - 7001. Calculate the highest common factor of 295 and v.
59
Let s be (-3)/6 + 722/4. Let h = -40554 - -40584. Calculate the greatest common divisor of s and h.
30
Suppose -4*i - 32*x + 37*x = -4003, -i = 2*x - 978. Suppose -11*u = -14*u + 96. What is the greatest common divisor of u and i?
32
Let d(z) = z**2 - 3*z - 2. Let c be d(-1). Let i = 11 + -6. Let h(o) = -o**2 + 6*o. Let j be h(i). What is the highest common divisor of j and c?
1
Suppose -1152*n = -1153*n + 221. Calculate the highest common divisor of 289 and n.
17
Suppose -2*v + 89*n + 642 = 86*n, -3*v + n + 984 = 0. Calculate the greatest common factor of 5390 and v.
110
Suppose -r - 3*z = 2*r - 363, -388 = -3*r + 2*z. Let p be (3 + -5)*r/(-4). Let k = -190 - -199. What is the highest common divisor of k and p?
9
Let y be 1/((-6)/(-215)) + 2/12. Let j(o) = -2*o**3 + 63*o**2 - 27*o - 84. Let z be j(31). Calculate the greatest common divisor of z and y.
4
Suppose -25*v = -93 + 18. Suppose v*a - 4*l = 147, -2*a - 4*l + 99 = -7*l. Calculate the greatest common divisor of 243 and a.
9
Let f = -8186 + 8214. Calculate the greatest common divisor of 8 and f.
4
Suppose -175 = 5*b + 2*j, -8*b - 190 = -3*b - j. Suppose 0*h - 40 = 2*h + 2*g, 5*h + 92 = -3*g. Let q = h - b. Calculate the greatest common factor of q and 14.
7
Suppose 2*q = -3*i + 20, -28 = -2*q + 14*i - 19*i. Suppose 2*w - 3*j - 14 = 21, 2*j + 66 = q*w. Calculate the greatest common factor of w and 16.
16
Suppose w - 2537 = 48*x - 47*x, -w + 2546 = -2*x. Calculate the highest common divisor of 1501 and w.
79
Let f(u) be the second derivative of 20*u**3/3 + 10*u**2 - 10*u. Let w be f(4). What is the highest common factor of w and 20?
20
Let v(h) = 2*h**3 - 4*h**2 - 3*h + 6. Let s be v(2). Suppose -16*q + 8*q + 160 = s. What is the greatest common divisor of 400 and q?
20
Suppose 0 = -3*j + 3*i + 18, 4*i - 3*i = 0. Let t = 100 - 86. What is the greatest common factor of t and j?
2
Suppose 3*i + 1476 = 9*l - 8*l, -7*l + 10404 = -3*i. What is the highest common factor of 96 and l?
48
Let s(i) = -4*i - 24. Let a be s(-6). Suppose 0 = -o - a*o + 22. Calculate the highest common factor of o and 121.
11
Suppose 0 = -15*y + 98 + 802. Let k = 39 - 14. Let l = k - 13. Calculate the greatest common divisor of y and l.
12
Suppose -56*b - 2123 + 3668 + 3887 = 0. Calculate the greatest common factor of b and 194.
97
Suppose 9145*v = 9158*v - 31980. What is the greatest common factor of v and 3895?
205
Let a = -422 - -455. Suppose 1638 = 9*m + a*m. Calculate the highest common factor of 377 and m.
13
Suppose -2*i - 3*k = -210, 2*k = 3*i - k - 330. Calculate the greatest common divisor of i and 2502.
18
Let n(q) = 13*q**2 + 470*q + 280. Let y be n(-36). What is the highest common factor of y and 377?
13
Suppose -k + 168 + 198 = 0. Let m = k - 42. Let w(i) = -4*i**2 + 203*i - 838. Let z be w(46). Calculate the greatest common factor of z and m.
36
Suppose 3*p - 61 = -5*c - 32, 2*c = 5*p - 38. What is the highest common divisor of p and 49?
1
Let w(z) = z**3 - 13*z**2 + 15*z - 146. Let r be w(14). What is the highest common divisor of r and 20?
20
Let m = -11 + 21. Let b be 5/(-20) + 2 + (-1622)/8. Let z = b + 241. Calculate the greatest common factor of m and z.
10
Suppose -3*y - 36 = -9. Let d be (5/((-15)/(-6)))/((-6)/y). Suppose d*m = -m + 24. What is the greatest common divisor of m and 66?
6
Let m = 12643 - 9586. What is the greatest common divisor of 3 and m?
3
Suppose 3*m - 4*l + l = 459, -3*m + 453 = -l. Suppose 112 = 5*a - j, -m + 42 = -5*a